?
62463
In base 5, what is 1110 - 1002131?
-1001021
In base 6, what is -1 - -541553?
541552
In base 3, what is -102210 + 21120210?
21011000
In base 11, what is 24 + -371a2?
-37179
In base 8, what is -2 + 437?
435
In base 14, what is -3 - 1b68?
-1b6b
In base 12, what is 47a45 + 3a?
47a83
In base 9, what is -150 - 1238?
-1388
In base 13, what is 4 + a6c7?
a6cb
In base 5, what is -121 - 1004214?
-1004340
In base 12, what is 3a217 - -14?
3a22b
In base 14, what is -1 - -d33?
d32
In base 5, what is 23040021 + 0?
23040021
In base 7, what is -5 - -34511?
34503
In base 3, what is 102101100212 + 12?
102101101001
In base 11, what is -2a + -5830?
-585a
In base 9, what is 31044 - -2?
31046
In base 10, what is -4 + 13583?
13579
In base 16, what is -1 + -1b8f8?
-1b8f9
In base 15, what is -1 - 15c6?
-15c7
In base 9, what is -41558 + -8?
-41567
In base 2, what is 10000110 - -10001010101001?
10001100101111
In base 8, what is 21767 + 3?
21772
In base 14, what is 39d4 - -3?
39d7
In base 16, what is 463 + 1b2?
615
In base 5, what is 4 - -10433314?
10433323
In base 6, what is -4 - 51101?
-51105
In base 8, what is 3 + 4330313?
4330316
In base 12, what is 25 + -33b4?
-338b
In base 15, what is -70c + 6b?
-691
In base 8, what is -45657 - 176?
-46055
In base 5, what is 10 - 13010203?
-13010143
In base 10, what is -6 + -29619?
-29625
In base 10, what is -67381 - 4?
-67385
In base 16, what is -5c2f - 0?
-5c2f
In base 14, what is c - -8d0?
8dc
In base 15, what is -2d6c + c5?
-2c97
In base 6, what is -13404 - -24?
-13340
In base 12, what is -3a7 - 1?
-3a8
In base 4, what is -1 - 11002130?
-11002131
In base 16, what is 7 + -b5b7?
-b5b0
In base 8, what is 2267544 - -4?
2267550
In base 10, what is -184 + 1559?
1375
In base 5, what is 2 - 1230121?
-1230114
In base 13, what is -2 - -cb55c?
cb55a
In base 11, what is 65 + -1151?
-1097
In base 10, what is 149034 - -5?
149039
In base 10, what is 4 - 38032?
-38028
In base 16, what is 63 + -26?
3d
In base 15, what is -4 + a0c?
a08
In base 10, what is 6342 + 34?
6376
In base 12, what is -32747a + 2?
-327478
In base 2, what is 1 + -110011011101010010?
-110011011101010001
In base 3, what is -1120 - 1122?
-10012
In base 10, what is 737 - 35?
702
In base 4, what is -20031103 + 0?
-20031103
In base 10, what is 0 - -9002?
9002
In base 7, what is 365 + -160?
205
In base 12, what is 682 - -4324?
49a6
In base 8, what is 7560407 + 2?
7560411
In base 10, what is -4 - 199266?
-199270
In base 11, what is 112 - -1205?
1317
In base 11, what is -13 + 116949?
116936
In base 7, what is 21305 + -11?
21264
In base 7, what is 416220 + -25?
416162
In base 13, what is -14 + -849?
-860
In base 3, what is 10212220211 + 122?
10212221110
In base 13, what is -1 + -1ca?
-1cb
In base 3, what is 1012 - 1201011?
-1122222
In base 8, what is -757436 - -2?
-757434
In base 12, what is 4b9 - -70?
569
In base 5, what is -212 - 33020?
-33232
In base 7, what is 356 - -1441?
2130
In base 4, what is 0 - 2223232?
-2223232
In base 16, what is 2 + 17511?
17513
In base 13, what is -174 + -143b?
-15b2
In base 4, what is 1321021201 - 1?
1321021200
In base 16, what is -2 - 44ea?
-44ec
In base 7, what is 2 - 151635?
-151633
In base 11, what is -9 - -23881?
23873
In base 3, what is -1122000220000 - -1?
-1122000212222
In base 3, what is -1211100 - 12?
-1211112
In base 7, what is -635 + -31150?
-32115
In base 16, what is -97 - 3e?
-d5
In base 13, what is -43 + -464b?
-4691
In base 7, what is -54 + -222526?
-222613
In base 12, what is -4 + a7a?
a76
In base 15, what is b1d36 + 4?
b1d3a
In base 5, what is -1220422 + -11?
-1220433
In base 6, what is 130530 + -2?
130524
In base 11, what is -268 - -10?
-258
In base 4, what is -3111103112 - -11?
-3111103101
In base 13, what is -a443 + 2?
-a441
In base 7, what is -4 + -42043?
-42050
In base 10, what is -306 + -593?
-899
In base 6, what is -43551 - -12?
-43535
In base 11, what is -266 - 329?
-594
In base 13, what is 1 - -41a3c2?
41a3c3
In base 11, what is -6 + 20a6?
20a0
In base 14, what is 3 + 5b44?
5b47
In base 12, what is 0 + 37b?
37b
In base 16, what is c04 + -8?
bfc
In base 10, what is -1662 + 61?
-1601
In base 13, what is -7 - 8103?
-810a
In base 9, what is 14360 - 3?
14356
In base 15, what is 101 - -26d?
36e
In base 7, what is 35266 - 0?
35266
In base 4, what is -11 - -10213323032?
10213323021
In base 11, what is -9 - -16a6?
1698
In base 3, what is 11001101 + 22021?
11100122
In base 12, what is 0 + -5147?
-5147
In base 5, what is -30 - 1013131?
-1013211
In base 9, what is 170 + -104?
65
In base 3, what is -11020 + -110220?
-122010
In base 5, what is 1000341 + 0?
1000341
In base 6, what is -30413 + -4?
-30421
In base 6, what is -52021 + -452?
-52513
In base 12, what is 6 + 27061?
27067
In base 5, what is -2103 - 23?
-2131
In base 16, what is 32eb - -23?
330e
In base 8, what is 13310 - 6?
13302
In base 8, what is 3222 - -7?
3231
In base 7, what is 16621 + -1652?
14636
In base 15, what is -62 + 718e?
712c
In base 4, what is -2 - 100321021?
-100321023
In base 12, what is 12151 + 193?
12324
In base 5, what is -143 + -11234?
-11432
In base 9, what is -300 + -13882?
-14282
In base 6, what is -5542 + 432?
-5110
In base 9, what is 3 - -32786?
32800
In base 7, what is 36164 + 115?
36312
In base 6, what is -15 - -3431?
3412
In base 3, what is -22020002 - 101212?
-22121221
In base 13, what is -7 + 97c2?
97b8
In base 8, what is -273 - -25?
-246
In base 8, what is -253 - -300?
25
In base 11, what is 7 - 36208?
-36201
In base 8, what is 66151 - -14?
66165
In base 14, what is -cba - -b?
-cad
In base 12, what is -6 - a609?
-a613
In base 11, what is 913195 + 0?
913195
In base 2, what is 1001100 - -111101111000?
111111000100
In base 12, what is 34a1 + -10?
3491
In base 2, what is 1111001000 - 101001?
1110011111
In base 16, what is -4 + 1910?
190c
In base 12, what is -8a - -335?
267
In base 12, what is 5 - 1b586?
-1b581
In base 4, what is 111 - 2303221?
-2303110
In base 12, what is -b + -2709?
-2718
In base 6, what is -5141 + -415?
-10000
In base 14, what is -13d8 + 15?
-13c3
In base 6, what is -25005 + 1521?
-23044
In base 16, what is 52df - -74?
5353
In base 14, what is -65a35 + 4?
-65a31
In base 12, what is -1 - 62b45?
-62b46
In base 2, what is 11110000000110 - 0?
11110000000110
In base 2, what is 11 + -10011110100000100?
-10011110100000001
In base 12, what is -5916 - -5?
-5911
In base 3, what is 0 + 100010020101?
100010020101
In base 14, what is 1b76 - -5?
1b7b
In base 7, what is -4 - 526323?
-526330
In base 8, what is -452 - 7?
-461
In base 3, what is 2 - 1012200211?
-1012200202
In base 5, what is 24030 + -40?
23440
In base 14, what is -1 - -52cc6?
52cc5
In base 4, what is 10 + -2121300033?
-2121300023
In base 15, what is 5e99 - 0?
5e99
In base 11, what is 110404 - -1?
110405
In base 7, what is -66 + 133002?
132603
In base 14, what is -b3549 - 1?
-b354a
In base 5, what is 134103 + 24?
134132
In base 12, what is -113 - 296?
-3a9
In base 14, what is -8a7d + -3a?
-8ab9
In base 13, what is -1a672 + -8?
-1a67a
In base 9, what is 0 + 4434?
4434
In base 10, what is 40238 + -14?
40224
In base 11, what is -79826 - 27?
-79852
In base 2, what is -101001001 + -111101?
-110000110
In base 6, what is -232014 + -4?
-232022
In base 14, what is 28c3 - 7?
28ba
In base 4, what is -130311 - -11020?
-113231
In base 2, what is -1011101010000 + -100?
-1011101010100
In base 12, what is -5 - 239635?
-23963a
In base 15, what is 14 - -1c?
31
In base 3, what is -2122122 + 12?
-2122110
In base 12, what is 6 + 42159?
42163
In base 15, what is -9d4d - -5?
-9d48
In base 11, what is -1 + -93a0?
-93a1
In base 5, what is 3104321 - -12?
3104333
In base 2, what is 1000111 - 11100110?
-10011111
In base 2, what is 101100 - 10001110010110?
-10001101101010
In base 6, what is -2 + -3412221?
-3412223
In base 13, what is 3 - -6543?
6546
In base 3, what is 12210 + 20010221?
20100201
In base 2, what is -1 + 10010110011001001011?
10010110011001001010
In base 10, what is 10815 - -192?
11007
In base 11, what is -2 - -233476?
233474
In base 14, what is 6a - -19c9?
1a55
In base 12, what is -37474 - 1?
-37475
In base 16, what is 2 - 497f1?
-497ef
In base 8, what is 644573 - -2?
644575
In base 7, what is 231651 - 150?
231501
In base 5, what is -310343 + -1442?
-312340
In base 11, what is -132967 + 1?
-